{"id":3337,"date":"2016-03-08T10:40:20","date_gmt":"2016-03-08T10:40:20","guid":{"rendered":"http:\/\/apollon.ellethemes.com\/default\/?page_id=3337"},"modified":"2025-08-19T14:41:46","modified_gmt":"2025-08-19T14:41:46","slug":"terminos-y-condiciones","status":"publish","type":"page","link":"https:\/\/gaedigital.com\/facturacionelectronica\/terminos-y-condiciones\/","title":{"rendered":"T\u00e9rminos y Condiciones de Uso del Software \u201cGAE\u201d"},"content":{"rendered":"<p>Los presentes T\u00e9rminos y Condiciones de Uso (en lo adelante, los \u201cT\u00e9rminos y Condiciones\u201d) regulan el uso del sitio web (<a href=\"https:\/\/gaedigital.com\/facturacionelectronica\">https:\/\/gaedigital.com\/facturacionelectronica<\/a>) (en adelante, \u201c<strong>GAE<\/strong>\u201d) que la empresa <strong>GAE BUSINESS, S.A.S. <\/strong>(en lo adelante, <strong>\u201cLA EMPRESA\u201d<\/strong>), ha contratado y pone a disposici\u00f3n de <strong>LOS USUARIOS <\/strong>de dicho sitio web. Al darle click al cotejo de \u201cHe le\u00eddo y acepto los t\u00e9rminos y condiciones\u201d y pulsar el bot\u00f3n \u201cRegistrar\u201d ubicado en la plataforma luego de este Acuerdo, el <strong>USUARIO <\/strong>reconoce y declara haber le\u00eddo, comprendido y aceptado \u00edntegramente el texto de los T\u00e9rminos y Condiciones de la Plataforma <strong>GAE <\/strong>en todas sus partes, aceptando ser regido por todo su contenido, y estando sujeto a las leyes y regulaciones aplicables. La utilizaci\u00f3n de <strong>GAE <\/strong>implica la aceptaci\u00f3n plena y sin reservas de todas y cada una de las disposiciones incluidas en estos T\u00e9rminos y Condiciones que rigen el uso del sitio web y de cualquier contenido disponible en \u00e9l. Si no est\u00e1 de acuerdo con estos T\u00e9rminos y Condiciones, favor limitar el acceso y el uso de <strong>GAE. <\/strong>Los encabezados en este documento, solo ser\u00e1n utilizados como referencia.<\/p>\n<h2>1. \u00a0Definiciones<\/h2>\n<ol>\n<li><strong>GAE BUSINESS<\/strong>: Significa la sociedad comercial <strong>GAE BUSINESS, S.A.S. <\/strong>regida y existente de conformidad con las leyes de la Rep\u00fablica Dominicana, R.N.C. No. 1-32-93895-1, propietaria del software<\/li>\n<li><strong>Contrase\u00f1a: <\/strong>significa la combinaci\u00f3n de letras, n\u00fameros y s\u00edmbolos utilizados para acceder a<\/li>\n<li><strong>Cliente: <\/strong>significa la persona que ha contratado los servicios de <strong>GAE <\/strong>y que da acceso a los usuarios de la misma.<\/li>\n<li><strong>DGII: <\/strong>Direcci\u00f3n General de Impuestos<\/li>\n<li><strong>GAE<\/strong>: se refiere a las soluciones de software en l\u00ednea de la marca <strong>GAE<\/strong>, que <strong>LA EMPRESA <\/strong>que lo ha desarrollado, pone a disposici\u00f3n de <strong>LOS USUARIOS <\/strong>para su uso mediante conexi\u00f3n de red con la finalidad de ser utilizada como un portal para gesti\u00f3n de facturaci\u00f3n de compras y ventas, proveedores, \u00f3rdenes de compra y emisi\u00f3n de comprobantes fiscales emitidos por la Direcci\u00f3n General de Impuestos Internos (DGII).<\/li>\n<li><strong>Nombre de usuario: <\/strong>significa el nombre que identifica al usuario y que se encuentra<\/li>\n<li><strong>Servicio (s)<\/strong>: significa los servicios de vinculaci\u00f3n entre personas f\u00edsicas o jur\u00eddicas que requieren el uso de la plataforma <strong>GAE<\/strong>.<\/li>\n<li><strong>Registro de usuario: <\/strong>significa el resultado de completar satisfactoriamente el procedimiento de inscripci\u00f3n en la plataforma <strong>GAE <\/strong>para formalizarse como usuario.<\/li>\n<li><strong>Signos distintivos: <\/strong>significa todos los signos, s\u00edmbolos, figuras, marcas, expresiones, palabras o logos que se utilizan en el comercio para distinguir un producto, servicio o establecimiento de otro de su misma especia, clase o actividad comercial.<\/li>\n<li><strong>T\u00e9rminos y condiciones del servicio: <\/strong>significa el presente<\/li>\n<li><strong>Usuario: <\/strong>significa la persona f\u00edsica o jur\u00eddica que hace uso del sitio<\/li>\n<li>registrado en la base de datos de<\/li>\n<\/ol>\n<h2>2. Derecho de acceso y limitaci\u00f3n de uso.<\/h2>\n<p>Durante la vigencia de la licencia adquirida por <strong>EL CLIENTE, <\/strong>este podr\u00e1 acceder y utilizar <strong>GAE <\/strong>para los fines contratados. <strong>EL CLIENTE <\/strong>y <strong>LOS USUARIOS <\/strong>tienen la responsabilidad de cumplir con los t\u00e9rminos y condiciones aqu\u00ed expuestos y de cualquier uso dado a <strong>GAE. EL CLIENTE <\/strong>y <strong>LOS USUARIOS <\/strong>limitan el uso de <strong>GAE <\/strong>para fines comerciales internos y no para su comercializaci\u00f3n, sub-licenciar, alquilar, distribuir o vender cualquier porci\u00f3n de <strong>GAE <\/strong>para su beneficio personal. <strong>GAE BUSINESS <\/strong>es el propietario \u00fanico y exclusivo de todos los derechos, t\u00edtulos e intereses del sitio web <strong>GAE<\/strong>, los servicios ofrecidos en \u00e9l son<\/p>\n<p>exclusivamente para <strong>LOS USUARIOS <\/strong>creados por <strong>EL CLIENTE <\/strong>al contratar los servicios de <strong>GAE. <\/strong>Cualquier distribuci\u00f3n, publicaci\u00f3n o explotaci\u00f3n comercial o promocional del sitio web o su contenido, c\u00f3digos, datos o materiales est\u00e1 estrictamente prohibida. Las informaciones en el sitio web son de car\u00e1cter confidencial, no se permite descargar, informar, exponer, publicar, copiar, reproducir, distribuir, transmitir, modificar, ejecutar, difundir, transferir, crear trabajos derivados de, vender o de cualquier otra manera explotar cualquiera de los contenidos, c\u00f3digos, datos o materiales en o disponibles a trav\u00e9s del Sitio Web. <strong>LOS USUARIOS <\/strong>y <strong>EL CLIENTE <\/strong>se obligan adem\u00e1s a no alterar, editar, borrar, quitar, o de otra manera cambiar el significado o la apariencia de, o cambiar el prop\u00f3sito de, cualquiera de los contenidos, c\u00f3digos, datos o materiales en o disponibles a trav\u00e9s del sitio web, incluyendo, sin limitaci\u00f3n, la alteraci\u00f3n o retiro de cualquier marca registrada, nombre comercial, logo, o cualquier otro contenido de propiedad o notificaci\u00f3n de derechos de propiedad.<\/p>\n<h2>3. \u00a0Protecci\u00f3n a la propiedad intelectual<\/h2>\n<p>Usted reconoce que los Servicios, incluyendo a t\u00edtulo enunciativo, que no limitativo, el Contenido, los gr\u00e1ficos, la interfaz del usuario, los clips de audio, los clips de video, el contenido editorial y los scripts y el software utilizados para implementar los Servicios, contienen informaci\u00f3n y material amparados por derechos de propiedad que pertenecen a GAE y\/o a sus licenciantes, y est\u00e1n protegidos por la legislaci\u00f3n aplicable sobre propiedad intelectual y por otras leyes, incluyendo a t\u00edtulo enunciativo, que no limitativo, por derechos de autor. Usted se compromete a no utilizar en modo alguno dicha informaci\u00f3n o materiales amparados por derechos de propiedad, salvo en relaci\u00f3n con la utilizaci\u00f3n de los Servicios de conformidad con el presente Contrato. Ninguna parte de los Servicios podr\u00e1 ser reproducida en forma o modo alguno, salvo en la medida expresamente permitida por el presente Contrato. Usted se obliga a no modificar, ceder en alquiler, arrendamiento o pr\u00e9stamo, vender o distribuir los Servicios o el Contenido en modo alguno, y no explotar\u00e1 los Servicios de ninguna forma no autorizada.<\/p>\n<h2>4. \u00a0Acceso a GAE.<\/h2>\n<p>El acceso al sitio web contratado por <strong>EL CLIENTE<\/strong>, ser\u00e1 regido completamente por <strong>EL CLIENTE. <\/strong>En ese sentido, <strong>LOS USUARIOS <\/strong>deber\u00e1n solicitar electr\u00f3nicamente el acceso al <strong>CLIENTE<\/strong>, quien le remitir\u00e1 un acceso para definir su nombre de usuario y contrase\u00f1a, para de esta forma garantizar que las transacciones son realizadas directamente por el due\u00f1o de la cuenta o por su representante legal.<\/p>\n<p><strong>EL REPRESENTANTE LEGAL <\/strong>es una persona autorizada para acceder a las informaciones y transacciones disponibles para su cuenta en <strong>GAE<\/strong>. Para ello, \u00e9ste deber\u00e1 remitir una comunicaci\u00f3n firmada y sellada indicando las personas que autoriza a realizar transacciones a nombre y disposici\u00f3n de <strong>EL USUARIO <\/strong>declarando y reconociendo, bajo la fe del juramento, que tiene plenos poderes para actuar en nombre de <strong>EL USUARIO <\/strong>y asumir, en su nombre, las obligaciones y compromisos descritos en los presentes T\u00e9rminos y Condiciones de Uso. <strong>EL USUARIO <\/strong>deber\u00e1 suministrar una direcci\u00f3n de correo electr\u00f3nico donde recibir\u00e1 las notificaciones y mensajes enviados por <strong>EL CLIENTE.<\/strong><\/p>\n<p><strong>\u00a0<\/strong><\/p>\n<p><strong>EL USUARIO <\/strong>reconoce que es responsable de mantener la confidencialidad de el Nombre de Usuario y Contrase\u00f1a asignado, siendo responsable de la custodia de los mismos. Por tanto, <strong>EL CLIENTE <\/strong>y el Representante, ser\u00e1n responsables de toda la actividad que ocurran bajo su usuario y contrase\u00f1a<strong>.<\/strong><\/p>\n<p>Para proteger la seguridad de su Nombre de Usuario y Contrase\u00f1a como usuario de <strong>GAE<\/strong>, se recomienda a <strong>EL USUARIO <\/strong>tomar las siguientes medidas:<\/p>\n<p>El c\u00f3digo o clave secreta deber\u00e1 estar compuesto de letras y n\u00fameros; La cantidad m\u00ednima de caracteres deber\u00e1 ser nueve 9);<\/p>\n<p>No grabar en su computadora o en cualquier otro medio material su nombre del usuario y\/o contrase\u00f1a; No divulgar su Nombre de Usuario y\/o Contrase\u00f1a a terceras personas;<\/p>\n<p>Evitar usar nombres, n\u00fameros, fechas, entre otros datos, relacionados a \u00e9l, como parte de la Contrase\u00f1a;<\/p>\n<h2>5. \u00a0Vigencia t\u00e9rminos y condiciones<\/h2>\n<p>Los presentes T\u00e9rminos de Uso estar\u00e1n en vigencia por tiempo indefinido, una vez <strong>LOS USUARIOS <\/strong>se registren para el uso de <strong>GAE<\/strong>. <strong>GAE BUSINESS <\/strong>se reserva el derecho de:<\/p>\n<ul>\n<li>Cambiar o remover (temporalmente o permanentemente) estos T\u00e9rminos y Condiciones, por lo que <strong>EL CLIENTE <\/strong>y <strong>LOS USUARIOS <\/strong>declaran y garantizan que <strong>GAE BUSINESS <\/strong>no ser\u00e1 responsable por ning\u00fan cambio o modificaci\u00f3n.<\/li>\n<li>Cambiar, remover, o descontinuar cualquier software, servicio o promoci\u00f3n, que sean publicados en <strong>GAE<\/strong>, por lo que declara y garantiza que <strong>GAE BUSINESS <\/strong>no ser\u00e1 responsable por ning\u00fan cambio o modificaci\u00f3n.<\/li>\n<li>Cambiar o modificar los T\u00e9rminos y Condiciones expuestos en cualquier momento. El uso del mismo con las modificaciones realizadas implicar\u00e1 la aceptaci\u00f3n de dichos cambios por <strong>LOS <\/strong><\/li>\n<\/ul>\n<h2>6. \u00a0Obligaciones y Responsabilidades de GAE.<\/h2>\n<p><strong>GAE BUSINESS <\/strong>se compromete a hacer esfuerzos razonables para asegurar el correcto funcionamiento de los servicios electr\u00f3nicos de <strong>GAE<\/strong> y ser\u00e1 responsable de prestar servicios de mantenimiento y soporte exclusivamente con respecto a la Plataforma de GAE o en la medida de lo posible, as\u00ed como a dar la asistencia y gu\u00eda necesaria, en caso de que el servicio lo incluya expresamente. GAE no ofrece garant\u00edas de ning\u00fan tipo, expresas o impl\u00edcitas, para EL USUARIO en cuanto al funcionamiento del portal de servicios de la\u00a0Oficina Virtual (OFV | www.dgii.gov.do\/e-dgii\/)\u00a0de la\u00a0Direcci\u00f3n General de Impuestos Internos DGII\u00a0(en adelante\u00a0la DGII), en cuanto a la informaci\u00f3n, contenido, materiales, software u otros servicios incluidos o puestos a su disposici\u00f3n de otro modo a trav\u00e9s de los servicios de GAE, a menos que se especifique lo contrario por escrito. <strong>GAE<\/strong> no garantiza da\u00f1os en las comunicaciones de la DGII por interrupci\u00f3n, mantenimiento o reestructuraci\u00f3n de los sitios u otro tipo de actos que se escapen del alcance y responsabilidad directa de <strong>GAE<\/strong>. <strong>LOS USUARIOS <\/strong>y <strong>EL CLIENTE <\/strong>acepta expresamente que su uso de los servicios de la DGII por medio de GAE bajo su propio riesgo.<\/p>\n<p><strong>GAE BUSINESS <\/strong>no garantiza que la funcionalidad del sitio web ser\u00e1 ininterrumpida o libre de errores, que los defectos ser\u00e1n corregidos o que est\u00e1n libres de virus o cualquier otra cosa que lo haga destructivo. <strong>GAE BUSINESS <\/strong>ser\u00e1 responsable de que las transacciones ejecutadas por <strong>LOS USUARIOS <\/strong>y por <strong>EL CLIENTE <\/strong>en <strong>GAE <\/strong>sean registradas o almacenadas fiel e \u00edntegramente. <strong>EL CLIENTE <\/strong>reconoce que para el uso de <strong>GAE, LOS USUARIOS <\/strong>deber\u00e1n suministrar diversos datos e informaciones, por tanto, <strong>EL CLIENTE <\/strong>garantiza la confidencialidad de las mismas, a menos que deban ser divulgadas para el cumplimiento de una obligaci\u00f3n legal o sean requeridas por una autoridad judicial competente. <strong>GAE BUSINESS <\/strong>s\u00f3lo se compromete a realizar sus mejores esfuerzos en implementar medidas t\u00e9cnicas y organizacionales para proteger los datos suministrados por <strong>LOS USUARIOS <\/strong>a <strong>EL CLIENTE <\/strong>a trav\u00e9s del sitio web.<\/p>\n<h2>7. \u00a0Obligaciones y Responsabilidades de LOS USUARIOS.<\/h2>\n<p><strong>LOS USUARIOS <\/strong>reconocen que el acceso y uso de <strong>GAE <\/strong>est\u00e1 exclusivamente sujeto a estos T\u00e9rminos y Condiciones. Su uso no podr\u00e1 ser dedicado a actividades ilegales o prohibidas por estos T\u00e9rminos y Condiciones. El uso de <strong>GAE <\/strong>implica la aceptaci\u00f3n de los t\u00e9rminos, condiciones, descargos de responsabilidad contenidos en estos t\u00e9rminos. En caso de no aceptar las condiciones de uso de <strong>GAE<\/strong>, <strong>EL USUARIO <\/strong>deber\u00e1 descontinuar el uso de la misma.<\/p>\n<p><strong>LOS USUARIOS <\/strong>declaran y garantizan que las informaciones suministradas en <strong>GAE <\/strong>son ver\u00eddicas, por tanto declaran y reconocen que comprometen su responsabilidad frente a <strong>EL CLIENTE <\/strong>y a <strong>GAE BUSINESS<\/strong>, en caso de proveer informaciones falsas. <strong>LOS USUARIOS <\/strong>son responsables de los usos indebidos o contrarios a la Ley que realicen con las informaciones suministradas<strong>. LOS USUARIOS <\/strong>declaran y garantizan que liberan de todo tipo de responsabilidad a <strong>GAE BUSINESS<\/strong>, si \u00e9ste revela su usuario y\/o c\u00f3digo o clave secreta.<\/p>\n<p>El acceso otorgado por <strong>EL CLIENTE <\/strong>a <strong>LOS USUARIOS, <\/strong>es controlado por <strong>EL CLIENTE. GAE BUSINESS <\/strong>se desvincula de cualquier servicio o funcionalidad disponible a <strong>LOS USUARIOS <\/strong>como tambi\u00e9n de la veracidad de la informaci\u00f3n intercambiada entre las partes. Las informaciones que se generen con motivo de las transacciones realizadas en <strong>GAE <\/strong>entre <strong>LOS USUARIOS <\/strong>y <strong>EL CLIENTE, <\/strong>son de car\u00e1cter confidencial entre las partes y servir\u00e1n como medio de prueba de las condiciones, contenido y existencia de tales transacciones, conforme a la Ley de Comercio Electr\u00f3nico y Firmas Digitales.<\/p>\n<h2>8. \u00a0Confidencialidad<\/h2>\n<p><strong>GAE BUSINESS <\/strong>har\u00e1 esfuerzos razonables por mantener barreras de seguridad electr\u00f3nica que impidan el acceso no autorizado por terceros a las informaciones que se generen con motivo de la ejecuci\u00f3n de estos T\u00e9rminos de Uso. Sin embargo, <strong>EL CLIENTE <\/strong>y <strong>LOS USUARIOS <\/strong>reconocen que el intercambio de informaci\u00f3n mediante acceso por Internet, por su naturaleza, puede posibilitar que terceros puedan acceder o conectarse sin autorizaci\u00f3n. Por tanto, <strong>EL CLIENTE <\/strong>y <strong>LOS USUARIOS <\/strong>declaran y garantizan mantener libre e indemne a <strong>GAE BUSINESS<\/strong>, de cualquier responsabilidad derivada del uso no autorizado de un tercero.<\/p>\n<h2>9. \u00a0Resoluci\u00f3n de conflictos.<\/h2>\n<p><strong>GAE BUSINESS <\/strong>proveer\u00e1 diversas herramientas para ayudar a los <strong>USUARIOS <\/strong>y al <strong>CLIENTE <\/strong>para resolver disputas que puedan surgir entre ellos con respecto a su transacci\u00f3n.<\/p>\n<p>Ante cualquier incumplimiento de alguna de las obligaciones establecidas en estos T\u00e9rminos y condiciones o cualquier contrato suscrito entre <strong>EL CLIENTE <\/strong>y <strong>GAE BUSINESS<\/strong>, existir\u00e1 un plazo de cinco (5) d\u00edas laborables para que proceda a ser subsanado el incumplimiento en cuesti\u00f3n (Per\u00edodo de Cura). Si en dicho plazo, no se subsana dicha situaci\u00f3n, dicho caso ser\u00e1 enviado al Centro de Resoluci\u00f3n de Disputas entre Usuarios (CRDU) que es manejado por una oficina de abogados, donde los abogados proceder\u00e1n a iniciar un proceso de subsanaci\u00f3n de dicho incumplimiento.<\/p>\n<p><strong>LOS USUARIOS <\/strong>aceptan eximir a <strong>GAE BUSINESS<\/strong>, sus afiliados, agentes, contratistas, funcionarios, y empleados, de todo reclamo, demandas y da\u00f1os que surjan de una disputa entre <strong>LOS USUARIOS <\/strong>y <strong>EL CLIENTE <\/strong>o se relacionen con ella de cualquier forma. <strong>LOS USUARIOS <\/strong>aceptan no involucrar a <strong>GAE BUSINESS <\/strong>en ning\u00fan litigio ni otra disputa que surja de una transacci\u00f3n, un acuerdo, o arreglo, o que est\u00e9 vinculado con esto, a menos que sea por una causa imputable a <strong>GAE BUSINESS<\/strong>.<\/p>\n<p>En el caso de que el Usuario no est\u00e9 de acuerdo o conforme con las disposiciones establecidas en la Resoluci\u00f3n emitida por el CRDU, someter\u00e1n dicha decisi\u00f3n al Centro de Resoluci\u00f3n Alternativa de Controversias de la C\u00e1mara de Comercio y Producci\u00f3n de Santo Domingo. El procedimiento ser\u00e1 regido seg\u00fan las disposiciones del Reglamento de Arbitraje de dicho Centro.<\/p>\n<h2>10. \u00a0Responsabilidad por pago de impuestos y otros requisitos normativos nacionales.<\/h2>\n<p><strong>LOS USUARIOS <\/strong>y <strong>EL CLIENTE <\/strong>reconocen que son los \u00fanicos responsables del pago de cualquier impuesto aplicable que surja del uso del servicio o de las transacciones realizadas en el sitio web. <strong>LOS USUARIOS <\/strong>y <strong>EL CLIENTE <\/strong>aceptan cumplir con todas las leyes impositivas aplicables, incluidas la declaraci\u00f3n y el pago de todos los impuestos que surjan en relaci\u00f3n con las transacciones realizadas en el sitio web.<\/p>\n<h2>11. Pagos en L\u00ednea.<\/h2>\n<p><strong>GAE BUSINESS<\/strong> implementa medidas t\u00e9cnicas, administrativas y f\u00edsicas razonables para proteger la integridad, confidencialidad y disponibilidad de las transacciones y de los datos personales y financieros proporcionados por <strong>LOS USUARIOS<\/strong>. Estos incluyen, de manera enunciativa mas no limitativa, el uso de protocolos de cifrado, sistemas de detecci\u00f3n de intrusos, monitoreo de actividad sospechosa, auditor\u00edas peri\u00f3dicas de seguridad y capacitaci\u00f3n continua del personal autorizado.<\/p>\n<p><strong>LOS USUARIOS<\/strong> reconocen y aceptan que, a pesar de estas medidas, ning\u00fan sistema de transmisi\u00f3n o almacenamiento de datos es completamente seguro o infalible frente a posibles amenazas, vulneraciones, accesos no autorizados, ciberataques, software malicioso, o eventos similares.<\/p>\n<p>En consecuencia, <strong>GAE BUSINESS<\/strong> no ser\u00e1 responsable por cualquier da\u00f1o indirecto, especial, incidental, punitivo o consecuente que se derive de la interceptaci\u00f3n, eliminaci\u00f3n, alteraci\u00f3n, utilizaci\u00f3n o divulgaci\u00f3n no autorizada de datos, siempre que tales incidentes sean resultado de circunstancias fuera del control razonable de <strong>GAE BUSINESS<\/strong>, incluyendo, sin limitarse a: (i) fallos de sistemas inform\u00e1ticos o redes de terceros, (ii) interrupciones en los servicios de pago externos, (iii) actos de fuerza mayor o caso fortuito, o (iv) acceso no autorizado por parte de terceros a pesar de la implementaci\u00f3n de las medidas razonables descritas. <strong>LOS USUARIOS<\/strong> se comprometen a notificar de inmediato a <strong>GAE BUSINESS<\/strong> sobre cualquier uso no autorizado o irregularidad detectada en sus transacciones o cuentas asociadas, a fin de que <strong>GAE BUSINESS<\/strong> pueda tomar medidas inmediatas para mitigar cualquier da\u00f1o potencial.3<\/p>\n<p><strong>GAE BUSINESS<\/strong> no ser\u00e1 responsable, en ning\u00fan caso, por da\u00f1os directos o indirectos, lucro cesante, p\u00e9rdida de ingresos, interrupci\u00f3n de negocios, da\u00f1o a la reputaci\u00f3n, p\u00e9rdida de informaci\u00f3n o cualquier otro da\u00f1o o perjuicio, sea tangible o intangible, que se derive de:<\/p>\n<ol>\n<li>a) Errores, omisiones o retrasos en la ejecuci\u00f3n de transacciones atribuibles a terceros, tales como instituciones financieras, proveedores de servicios de pago, redes de comunicaci\u00f3n o plataformas tecnol\u00f3gicas externas;<\/li>\n<li>b) Fallos, interrupciones, indisponibilidad o deficiencias en los sistemas de pago electr\u00f3nicos gestionados por terceros, aun si estos fallos impiden, retrasan o afectan la correcta aplicaci\u00f3n de los pagos efectuados por <strong>LOS USUARIOS<\/strong>;<\/li>\n<li>c) Casos fortuitos, fuerza mayor, desastres naturales, conflictos laborales, disturbios civiles, actos de autoridades gubernamentales, pandemias, ataques cibern\u00e9ticos, o cualquier otra situaci\u00f3n fuera del control razonable de <strong>GAE BUSINESS<\/strong>;<\/li>\n<li>d) Eventualidades resultantes de la utilizaci\u00f3n incorrecta del sistema de pagos por parte de <strong>LOS USUARIOS<\/strong>, incluyendo la provisi\u00f3n de informaci\u00f3n err\u00f3nea o desactualizada;<\/li>\n<li>e) Acceso o uso no autorizado de las cuentas de pago de <strong>LOS USUARIOS<\/strong>, cuando dicho acceso resulte de negligencia, descubierto o falla en la protecci\u00f3n de credenciales por parte de <strong>LOS USUARIOS<\/strong>.<\/li>\n<\/ol>\n<p>En ning\u00fan caso <strong>GAE BUSINESS<\/strong> ser\u00e1 responsable por da\u00f1os indirectos, especiales, incidentales, punitivos, consecuenciales o ejemplares, incluso en el caso de haber sido advertida de la posibilidad de tales da\u00f1os, derivada de cualquier reclamo, demanda, acci\u00f3n o procedimiento relacionado con el uso del sistema de pagos en l\u00ednea o con cualquier transacci\u00f3n realizada.<\/p>\n<p>Esta limitaci\u00f3n de responsabilidad ser\u00e1 aplicable en la m\u00e1xima medida permitida por la legislaci\u00f3n vigente y subsistir\u00e1 a\u00fan despu\u00e9s de la terminaci\u00f3n de la relaci\u00f3n contractual entre <strong>GAE BUSINESS<\/strong> y <strong>LOS USUARIOS<\/strong>.<\/p>\n<h2>12. \u00a0Lavado de activos y corrupci\u00f3n.<\/h2>\n<p><strong>LOS USUARIOS <\/strong>y <strong>EL CLIENTE <\/strong>declaran que sus actividades, negocios y recursos provienen de actividades l\u00edcitas. Por lo que se comprometen a cumplir con las disposiciones relativas a leyes sobre anti-corrupci\u00f3n nacionales internacionales, tales como la Ley de los Estados Unidos sobre Pr\u00e1cticas Corruptas en el Extranjero, Ley 448-06, y cualquier otra disposici\u00f3n pertinente, relativa a la buena conducta y gobernanza.<\/p>\n<p>De la misma manera, declaran que se encuentran en cabal cumplimiento de la Ley 155-17 contra el Lavado de Activos y el Financiamiento del Terrorismo.<\/p>\n<h2>13. \u00a0Jurisdicci\u00f3n y Ley Aplicable.<\/h2>\n<p>Se considera que estos T\u00e9rminos y Condiciones se celebran en Santo Domingo de Guzm\u00e1n, Rep\u00fablica Dominicana. Los T\u00e9rminos y Condiciones se regir\u00e1n por las leyes de la Rep\u00fablica Dominicana. En la medida en que lo permita la ley, las partes aceptan someterse primero al Centro de Resoluci\u00f3n de Disputas entre Usuarios (CRDU) y en el hipot\u00e9tico caso de no estar de acuerdo o conformes con la decisi\u00f3n tomada por el CRDU, las partes se someter\u00e1n al Centro de Resoluci\u00f3n Alternativa de Controversias de la C\u00e1mara de Comercio y Producci\u00f3n de Santo Domingo. El procedimiento ser\u00e1 regido seg\u00fan las disposiciones del Reglamento de Arbitraje de dicho Centro.<\/p>\n<p>El retardo de <strong>GAE BUSINESS <\/strong>en ejercer cualquier derecho o acci\u00f3n que posea en derecho o en virtud estos T\u00e9rminos y Condiciones, no implica en modo alguno renuncia a ejercer tal derecho o acci\u00f3n en el momento que <strong>GAE BUSINESS <\/strong>lo considere pertinente.<\/p>\n<h2>14. \u00a0Contacto<\/h2>\n<p>En caso de necesitar asistencia para el uso de <strong>GAE, <\/strong>podr\u00e1 comunicarse a trav\u00e9s del correo <a href=\"info@gaedigital.com%20\">info@gaedigital.com<\/a> o la direcci\u00f3n <a href=\"https:\/\/gaedigital.com\/facturacionelectronica\">https:\/\/gaedigital.com\/facturacionelectronica<\/a><\/p>\n","protected":false},"excerpt":{"rendered":"<p>Los presentes T\u00e9rminos y Condiciones de Uso (en lo adelante, los \u201cT\u00e9rminos y Condiciones\u201d) regulan el uso del sitio web (https:\/\/gaedigital.com\/facturacionelectronica) (en adelante, \u201cGAE\u201d) que la empresa GAE BUSINESS, S.A.S. (en lo adelante, \u201cLA EMPRESA\u201d), ha contratado y pone a disposici\u00f3n de LOS USUARIOS de dicho sitio web. Al darle click al cotejo de \u201cHe [&hellip;]<\/p>\n","protected":false},"author":1,"featured_media":0,"parent":0,"menu_order":0,"comment_status":"closed","ping_status":"closed","template":"","meta":{"footnotes":""},"class_list":["post-3337","page","type-page","status-publish","hentry"],"_links":{"self":[{"href":"https:\/\/gaedigital.com\/facturacionelectronica\/wp-json\/wp\/v2\/pages\/3337","targetHints":{"allow":["GET"]}}],"collection":[{"href":"https:\/\/gaedigital.com\/facturacionelectronica\/wp-json\/wp\/v2\/pages"}],"about":[{"href":"https:\/\/gaedigital.com\/facturacionelectronica\/wp-json\/wp\/v2\/types\/page"}],"author":[{"embeddable":true,"href":"https:\/\/gaedigital.com\/facturacionelectronica\/wp-json\/wp\/v2\/users\/1"}],"replies":[{"embeddable":true,"href":"https:\/\/gaedigital.com\/facturacionelectronica\/wp-json\/wp\/v2\/comments?post=3337"}],"version-history":[{"count":5,"href":"https:\/\/gaedigital.com\/facturacionelectronica\/wp-json\/wp\/v2\/pages\/3337\/revisions"}],"predecessor-version":[{"id":15599,"href":"https:\/\/gaedigital.com\/facturacionelectronica\/wp-json\/wp\/v2\/pages\/3337\/revisions\/15599"}],"wp:attachment":[{"href":"https:\/\/gaedigital.com\/facturacionelectronica\/wp-json\/wp\/v2\/media?parent=3337"}],"curies":[{"name":"wp","href":"https:\/\/api.w.org\/{rel}","templated":true}]}}